e 0 = u*q - q - 14. What is the remainder when f(5) is divided by q?
13
Suppose 4*s - 23 - 53 = 0. Calculate the remainder when s is divided by 10.
9
Let y = -12 + 16. What is the remainder when 11 is divided by y?
3
Suppose -4*u + 5*u = 4*o - 239, 4*u - 264 = -4*o. Calculate the remainder when o is divided by 11.
6
Suppose -o - 22 + 60 = 0. Let j be (-9 - -3)*(0 - 1). Let w = j - -7. What is the remainder when o is divided by w?
12
Let z = 7 + 12. Suppose 3*t - z = 44. What is the remainder when t is divided by 11?
10
Let h be (-2)/8 + 123/12. Suppose -5*w + 210 - 16 = -2*n, 0 = 3*w + 5*n - 135. What is the remainder when w is divided by 70/(-4)*(-8)/h?
12
Suppose -33 = -4*h + 4*n + 63, -2*h + 51 = -5*n. Let m(a) = -7*a + 1. What is the remainder when h is divided by m(-1)?
7
Suppose -d = 2*d. Suppose l + 1 = 3. Calculate the remainder when 16 is divided by l/6*d + 9.
7
Suppose 3*f + q = 4*f - 5, -2*f + 1 = q. Let c = f + 13. Calculate the remainder when 29 is divided by c.
14
Suppose -13 - 2 = -5*g. Let t = 2 - g. What is the remainder when 4 - 4 - (t + -6) is divided by 3?
1
Let n(d) = d**2 + 10*d + 11. Calculate the remainder when 87 is divided by n(-11).
21
Let m(d) = -d**2 + 13*d + 17. Calculate the remainder when m(9) is divided by 11.
9
Suppose 3*j = 3 - 0. What is the remainder when 6/(-9) - (-82)/6 is divided by j + 0 - 2*-3?
6
Let u(m) = 3*m**2 + 5*m + 4. Let d = -67 + 101. Let k = d + -25. Calculate the remainder when u(-3) is divided by k.
7
Suppose u + 0*u - 75 = 0. Let j = 128 - u. Calculate the remainder when j is divided by 14.
11
Suppose s = 6 + 6. Calculate the remainder when 59 is divided by s.
11
Let q(n) = -22*n - 9. What is the remainder when 38 is divided by q(-1)?
12
Calculate the remainder when 54/15 - (-14)/35 is divided by 1.
0
Let h(v) = -4*v**2 - 5*v - 3. Let o(r) = 3*r**2 + 4*r + 3. Let t(g) = -4*h(g) - 5*o(g). What is the remainder when 16 is divided by t(3)?
4
Suppose 0 = -p + 23 - 8. What is the remainder when p is divided by 4?
3
Suppose -3*q - 2*s + 25 + 22 = 0, -3*q + 3*s + 42 = 0. What is the remainder when 27 is divided by q?
12
Let x(g) = g + 30. Let k(b) = b**2 + b - 3. Let o be k(2). Let n(s) = s**3 - 2*s**2 + s + 4. Calculate the remainder when x(0) is divided by n(o).
14
Let t = -13 + 18. Suppose -5*a + 30 = t. What is the remainder when a is divided by 3?
2
Let y(f) = f**3 - 8*f**2 + 10*f - 6. Calculate the remainder when 41 is divided by y(7).
11
Let s = -8 - -22. Calculate the remainder when 95 is divided by s.
11
Let s(n) = -n**2 + 24*n - 39. Calculate the remainder when s(16) is divided by 13.
11
Let h = 5 + -3. Suppose -h*i = -4*i + 14. Let g = i + 0. What is the remainder when 12 is divided by g?
5
Suppose -g + a + 29 = 0, 5*g - a = 112 + 41. What is the remainder when g is divided by 11?
9
Let j = 30 + -10. Let c = -11 + j. What is the remainder when 34 is divided by c?
7
Suppose -2*b = -9 - 105. What is the remainder when b is divided by 20?
17
Suppose -4*n + 10 = -14. Calculate the remainder when n is divided by 2.
0
Suppose -26 = o + 5*q, 0*o = o - 3*q - 14. Let z = o - -6. Suppose z*k - 2*n - 32 = 0, -2*n = -2*k + 3*n + 17. What is the remainder when 17 is divided by k?
5
Let y = -201 + 225. Calculate the remainder when y is divided by 9.
6
Let l be 4/(-10) - (-231)/15. Let i = l + -10. What is the remainder when 14 is divided by i?
4
Let s(x) = 2*x - 17. Let y be 62/5 - (-4)/(-10). Calculate the remainder when 11 is divided by s(y).
4
Let i = -28 - -39. What is the remainder when 4/(-6) + 490/15 is divided by i?
10
Let q = 47 + -83. Suppose w = -2*w - 2*t + 99, 3 = t. What is the remainder when w is divided by (-2)/8 + (-585)/q?
15
Let s(d) = d**2 - 3*d + 3. Suppose 2*n + 2*p - 8 = 0, -5*n = -0*p + p - 24. Calculate the remainder when 24 is divided by s(n).
11
Suppose -42 = -2*d + 60. What is the remainder when d is divided by 26?
25
What is the remainder when 12 is divided by 429/55 - (0 + 2/(-10))?
4
Let y = 45 + 37. Suppose -5*x = -28 - y. Suppose d = -a + 20, -4*d + 60 + x = 2*a. Calculate the remainder when 40 is divided by d.
19
Let m be -3 - -1 - (0 - 3). Let n be (-1 + -1)*4*m. What is the remainder when n/((-1)/(4/2)) is divided by 6?
4
Let k(b) = 2*b**2 + 1. Let a be k(1). Suppose 5*l = -a*x + 34, 3*l - 7*l = -4*x - 8. Calculate the remainder when l is divided by 4.
1
Suppose 3*p - 16 = -2*u, -4*u - 3*p = u - 49. Let d = u - -9. What is the remainder when 57 is divided by d?
17
Suppose 5*i + g = 347, 110 + 24 = 2*i - 2*g. Suppose i - 21 = 4*y. Calculate the remainder when 35 is divided by y.
11
Let q(s) = -s**3 - 7*s**2 - 12*s. Let l(m) = -2*m + 1. What is the remainder when l(-9) is divided by q(-5)?
9
Let r(h) be the first derivative of h**3/3 - h**2/2 - 4*h + 1. Let d = 45 + -31. What is the remainder when d is divided by r(-3)?
6
Let y(b) = -b**3 + 6*b**2 - 4*b - 4. Let p be y(5). Suppose 2*z + t = -3, 4*t = -z + 3*t - 2. Calculate the remainder when 2 is divided by (2 - z - 2)/p.
0
Let a(g) be the first derivative of g**3 - g**2 + g - 4. Suppose 3*f - 56 = f + 3*j, -2*j = -5*f + 129. What is the remainder when f is divided by a(2)?
7
What is the remainder when 16/10*(77 + -27) is divided by 42?
38
Suppose 0 = -4*l + 3*l. Suppose -3*i + 28 = 2*w - 0*i, w - i - 14 = l. Calculate the remainder when 25 is divided by w.
11
Let i = 3 - 1. Let y(n) = 3*n**2 - 3*n. Calculate the remainder when 23 is divided by y(i).
5
Let b(r) = 5*r**3 + r - 1. Calculate the remainder when 14 is divided by b(1).
4
Let f = 0 - -3. Let t(r) = 25*r + 16. Let g be t(5). Suppose -f*c = -13 + 1, -5*d + c = -g. What is the remainder when d is divided by 16?
13
Let u(x) = x**3 - 9*x**2 - 3*x + 2. Let d be u(9). Let n be (-1)/((-1)/36) - 1. Let y = n + d. What is the remainder when y is divided by 4?
2
Let r(a) = 2*a**2 - 6*a + 2. What is the remainder when (4 + -4 - 32)*-1 + -4 is divided by r(4)?
8
Let z(u) = -u**2 - 8*u - 4. Calculate the remainder when z(-6) is divided by 3 + -1 - (1 - 2).
2
Suppose 153 = 15*o - 6*o. Calculate the remainder when o is divided by 4.
1
Let g(o) = -2*o**2 + 23*o - 19. Calculate the remainder when g(10) is divided by 3.
2
Calculate the remainder when 52 is divided by 14/1 - (1 - 5).
16
Suppose v - 5*c = 8, 5*v - 40 = -3*c - 0. Calculate the remainder when 39 is divided by v.
7
Let l(y) = -11*y + 3. Calculate the remainder when 25 is divided by l(-1).
11
Suppose -2*d + 14 = -5*i, 0 = 2*d + i - 3*i - 26. Suppose -5*u = -d - 8. What is the remainder when 9 is divided by u?
4
Let f(u) = -6*u + 12. Suppose 2*c - 1 - 1 = 0, v - 5*c - 18 = 0. Calculate the remainder when f(-9) is divided by v.
20
Let q(v) = 7*v**2 + v**3 - 2*v**3 - 5 - 2*v + 5*v. Let a be q(7). Calculate the remainder when 17 is divided by (9/4)/(6/a).
5
Let f = 3 + -5. Let b = f + 4. Let g = -9 - -14. Calculate the remainder when g is divided by b.
1
Let k = 17 + -8. Suppose 3 - k = -3*a. Suppose z + 11 = 3*p, -p + 2*z - 1 = a. What is the remainder when 14 is divided by p?
4
Suppose -5*q = -3*h - 49, h = 5*q - 29 - 24. What is the remainder when 40 is divided by q?
7
Let z be (1/1*7)/1. Let a = z - 10. Let s(k) = -3*k - 3. What is the remainder when 11 is divided by s(a)?
5
Let l(y) be the second derivative of y**3/3 - 2*y**2 + 6*y. What is the remainder when 10 is divided by l(4)?
2
Let p(z) be the third derivative of z**5/15 + 7*z**4/24 + 2*z**3/3 - 3*z**2. Calculate the remainder when p(-4) is divided by 14.
12
Suppose -6*q - 2*h = -q - 40, q + 2*h = 0. Let t(c) = -5*c + 7. What is the remainder when t(-6) is divided by q?
7
Let i = 11 - 7. What is the remainder when 14 is divided by i?
2
Let j = 38 - -2. Suppose j = 5*s + 4*q, -6*q + 41 = 4*s - q. Calculate the remainder when 7 is divided by s.
3
Let a(y) = y + 16. Let n = 12 - 20. Suppose 6 = 3*u - 33. Calculate the remainder when u is divided by a(n).
5
Let o(x) = -x**3 - 8*x**2 - 5*x + 1. Let z be o(-7). Calculate the remainder when 2/(-13) + (-223)/z is divided by 9.
8
Calculate the remainder when 28 is divided by ((-11)/11)/(0 - 2/22).
6
What is the remainder when (0 - -57) + 1*4 is divided by 16?
13
Let f be 6 + 4 - (1 - 0). Let m = 134 + -132. Calculate the remainder when m is divided by 8/6 + 6/f.
0
Let a(l) = 3*l + 4. Let v be a(-3). Suppose -9